+ 12. Calculate g(w).
-12
Let c(u) = 2 + 12*u**3 + 7*u - 215*u**2 - 13*u**3 + 222*u**2. Determine c(8).
-6
Let n(f) = 2*f**2 + 9*f + 1. Let i(r) = -r**2 - r + 1. Let x(y) = -3*i(y) - n(y). Calculate x(7).
3
Let s(k) = 0 - 3*k - 1 + 8 - 3. What is s(-5)?
19
Let x(k) = k**3 + 5*k**2 - 6*k + 6. Let f(m) = -4*m + 2. Let u be f(2). Calculate x(u).
6
Let u(s) = -s**2 - s + 2. Suppose 0 = -4*w - 8 - 4. Calculate u(w).
-4
Let v(x) = x**3 + 14*x**2 + 6*x + 5. Let f(p) = 2*p**3 + 26*p**2 + 12*p + 9. Let z(w) = 4*f(w) - 7*v(w). Give z(-4).
9
Suppose 3*y + 5*c = 73, 4*c - 25 = -c. Let u = y + -11. Let r(x) be the first derivative of x**2/2 - 5*x + 2. Calculate r(u).
0
Let o(w) = 0*w - w + 1 - 3. Let q = 3 - -1. Suppose -q*c = -9*c + 25. What is o(c)?
-7
Let g(u) = -5 + 0*u + u + 4*u**2 - 3*u**3 + 1 + 4*u**3. Suppose -4 = -3*v + 11. Suppose -v*y = -i + 14, 0 = -2*i - i - 3. Calculate g(y).
2
Let c be 6/24 + (-14)/(-8). Let h be 22/6 - c/(-6). Let n(y) = 2*y**2 - 6*y + 5. Determine n(h).
13
Let w(o) = -o + 5. Suppose 0 = -3*j + 4*j + 3, -9 = 3*g - j. Determine w(g).
9
Let x(b) = -b**2 - 2*b + 5. Let c(m) = -m**2 + 4*m. Let k be c(5). Give x(k).
-10
Let z(x) be the second derivative of 1/12*x**4 - x + 2/3*x**3 + 0 - 2*x**2. Calculate z(-4).
-4
Let i(t) = t + 9*t - 11*t - 10. Determine i(-6).
-4
Let h(n) be the second derivative of -n**3/6 - n**2 - 6*n. Let b(l) = l. Let k be b(3). Calculate h(k).
-5
Let f(g) = g**3 + 2*g**2 - g + 1. Suppose 3*p = -0 + 3. Let d be p + 2*1/(-2). Suppose d = 5*z - 3*r + 13, -4*z - 3*r - 9 = -4*r. What is f(z)?
3
Let w(j) = -j**3 - 6*j**2 - 7*j - 5. Let t be 6 + (-1 - (-3 - 0)). Let l be (-3)/(0 + 6/t). Calculate w(l).
-9
Let u(b) = 5*b - 1. Let k(y) be the second derivative of 5*y**3/3 - y**2 + 8*y. Let c(o) = -3*k(o) + 5*u(o). What is c(-1)?
6
Let k(g) = 4 + 2*g + 1 + 3. Calculate k(-6).
-4
Let r(k) = -k + 12. Let a(f) = -f + 18. Let n(v) = 5*a(v) - 7*r(v). Give n(-6).
-6
Let l(k) = -k - 1. Let a(x) = -6*x - 3. Let r(j) = a(j) - 3*l(j). Let b be 1/(-2*(-2)/24). Suppose 5*q = -b + 11. Determine r(q).
-3
Suppose -3*b = -12, 0*b + 4*b - 36 = -4*m. Let k be (0 + 1)/(-6 + m). Let y(h) = 8*h**2 + 2*h + 1. What is y(k)?
7
Let a(o) = -o**3 + 8*o**2 + 8*o + 11. Let x be a(9). Suppose i - 5 = -x. Suppose n - i*n - 6 = 0. Let f(s) = s**2 + 4*s - 1. What is f(n)?
-4
Let v(t) = t**3 - 3*t**2 + 2. Let d(g) = -2*g**2 + 4*g**3 - 4*g**3 - g**3 + 3*g**2. Let m be d(-1). What is v(m)?
-2
Let d(q) = -q**2 - 5*q + 1. Let s be ((-30)/(-2))/1*1. Suppose 5*i - 10 - s = 0. Suppose -3*v + 32 = -0*u - i*u, u = 4*v - 20. Calculate d(u).
5
Let w(q) = -1. Let d(i) = 0*i - 2*i + i + 0*i + 5 + i**2. Let h(n) = d(n) + 5*w(n). Calculate h(1).
0
Let k(z) = 5*z - 66 + 65 + 0*z. Give k(-3).
-16
Let v(z) = -z**3 + 5*z**2 + z - 4. Suppose -5*t - 4 = 4*j, 5*j = 5*t - 0 - 5. Suppose t = 4*w - 7 - 13. Calculate v(w).
1
Let c(s) = -3*s**3 + 6*s**2 + 3*s - 2. Let l be (-2)/7 + 79/7. Let a(v) = -16*v**3 + 30*v**2 + 16*v - 11. Let w(m) = l*c(m) - 2*a(m). Calculate w(6).
6
Let a(p) = -p**2 - 5*p + 1. Suppose -5*r = -0*r - 35. Suppose r - 15 = 2*c. What is a(c)?
5
Let f be 6/((-3)/9*-6). Let z(s) = -4 - 4*s + f + 3*s - 2*s. Calculate z(-2).
5
Let f = -10 + 16. Let c(a) = a**3 - 5*a**2 - 6*a - 6. Determine c(f).
-6
Let x(d) = -d**3 - 4*d**2 + 2*d. Let h be (2/6)/(2 + (-25)/12). Determine x(h).
-8
Let z(p) be the second derivative of 0*p**2 + 1/6*p**3 + 0 - 1/5*p**5 - 3*p + 1/12*p**4. Let n = 1 + -2. Give z(n).
4
Suppose -4*a = -a. Let q = 1 + a. Let r(d) = -d**2 + d - 5. Let s(l) = -1. Let j(k) = r(k) - 4*s(k). Give j(q).
-1
Let r(q) = -q + 3. Let z = 61 + -68. Calculate r(z).
10
Let o(g) = -g**2 + 7*g - 2. Suppose b + 15 = s + 3*b, -2*s = -2*b. Determine o(s).
8
Suppose -3*f = 5*j - 2*f - 13, j - 5*f = -13. Let g(h) = 12*h - j - 13*h - 3. Calculate g(-3).
-2
Suppose -3*g + 0*g = 0. Let o(h) = 4*h + g - 7 + 5. What is o(2)?
6
Let f = 0 + 5. Let y(s) = s**3 - 5*s**2 + 2*s - 1. What is y(f)?
9
Suppose -4*o - 3 - 5 = 0. Let u = o + -1. Let r(x) = x**3 + 3*x**2 + x + 2. Calculate r(u).
-1
Let q(g) be the second derivative of g**4/12 - g**3/3 - 3*g**2/2 + 4*g. Calculate q(5).
12
Suppose 31 = 5*p - g + 3*g, -2 = -p + g. Suppose u + 0 = p. Let j(m) = m**2 + 0*m**2 - 5*m + 2 - 1. Determine j(u).
1
Let h(t) = 6*t + 10*t - 15*t - 1. Let k(a) = a**3 + 4*a**2 - 3*a + 3. Let i be k(-5). Let d(m) = -m**3 - 7*m**2 - 5. Let j be d(i). Determine h(j).
-6
Let f(a) be the second derivative of -a**5/20 - 5*a**4/12 + a**3/6 + 3*a**2 - a. Let j be 5 + (-2 - (-1 - -2)). Suppose -1 = j*o + 9. Calculate f(o).
1
Let c(d) = d - 7. Let b be c(10). Let f(p) = -11*p. Let g(x) = 6*x. Let y(h) = 4*f(h) + 7*g(h). Calculate y(b).
-6
Suppose -2*f + 36 = f. Let o(u) = -u + 7. Let s be o(f). Let d(k) = k**2 + 4*k + 4. Calculate d(s).
9
Let x(w) = -5*w**3 + w**2 - 10. Let n(p) = -p**3 - p**2 - 1. Let y(q) = -6*n(q) + x(q). Give y(-7).
-4
Let z(j) be the third derivative of j**5/60 + j**4/24 + 2*j**2. Suppose 5*w = x - 9, 2*x = 5*w + 7*x - 15. Determine z(w).
0
Let f(l) be the first derivative of -3*l - l**2 - 1/4*l**4 + 6 + 0*l**3. Calculate f(-2).
9
Suppose 4*s = 2*k + 36 + 22, -5*k = 25. Let p = 9 - s. Let c(g) = -g**2 - 2*g - 2. What is c(p)?
-5
Let k(m) = m + 0*m - 2*m. Let o be k(-5). Suppose o*t = 3*t. Let l(v) = v**2 - v - 9. What is l(t)?
-9
Let g(f) = f**3 - f**2 + 2*f - 3. Let k be g(2). Let c = -7 + k. Let t(v) = -3*v - 3. Calculate t(c).
3
Let h(j) = 0*j**2 + 2 + 7*j + j**2 - 4 - 3*j**2. Let b be h(4). Let t(v) = -v**2 - 7*v - 2. Give t(b).
4
Let f(t) = 7*t - 38. Let x be f(6). Let a(n) = -n**2 + n - 5. Calculate a(x).
-17
Let g(b) = -b + 4 + 0 + 2. Calculate g(-5).
11
Suppose 0*a - 24 = -4*a. Suppose y - a = -2*y. Let s(d) = 1 - 5*d**y + 2*d**2 + 9*d**3 - 7*d**3. What is s(2)?
5
Suppose -2*h - 20 = -0*p - 4*p, 5*p = 15. Let a(g) = -g**3 - 4*g**2 + g + 4. Let d be a(h). Let s(o) = o**3 - 4. Calculate s(d).
-4
Let h(r) be the third derivative of -r**5/60 + r**4/3 + r**3/3 + 2*r**2. Let j be h(8). Let l(g) = 0*g**2 - 4*g - j*g**2 + 5*g - 2*g**3 + g. What is l(-2)?
4
Let j(c) = 2*c + 7. Suppose -28 = -4*r + 8*r. Determine j(r).
-7
Suppose -x + 17 = 3*a, 0 = -4*a - 2*x + 16 + 8. Let b(i) be the third derivative of i**6/120 - i**5/10 + i**4/6 + 7*i**3/6 + i**2. What is b(a)?
2
Let u(x) = -1. Let t(s) = -s + 8. Let n(c) = -t(c) - 5*u(c). Give n(3).
0
Let f(d) = 4 + 1 - d - 2. Determine f(5).
-2
Suppose -2*p + 9 = -r + 35, 11 = -p + r. Let a be (0 - 6)/(5/p). Let d = 13 - a. Let y(u) = -u - 6. Determine y(d).
-1
Let q = -1 - -5. Suppose 4*b = -2*n, -q*n = -9*n - 3*b. Let l(w) = 1. Let t(a) = a - 1. Let f(y) = -6*l(y) + t(y). Give f(n).
-7
Let c(d) be the second derivative of d**7/1260 + d**6/360 - d**4/12 + 5*d. Let o(l) be the third derivative of c(l). What is o(-2)?
4
Let g(d) = -d + 14. Let h(b) = -4*b + 50. Let i be h(11). Give g(i).
8
Let v be 1*((-9)/60)/(-3). Let y(c) be the second derivative of 2*c - 1/3*c**4 - v*c**5 + 0 - 1/2*c**3 - 1/2*c**2. What is y(-2)?
-3
Let k(a) = -a + 1. Suppose -d = -2*d + 4. Suppose -d*u = -2*u - 10. What is k(u)?
-4
Suppose 3*x - 2 = 1. Let n(t) = t - 13*t + 7*t. Determine n(x).
-5
Let b = -52 - -51. Let w(y) = -4*y**3 + y**2 + y. Calculate w(b).
4
Let n = -75 + 81. Let i(w) = w**2 - 5*w. Give i(n).
6
Let c(m) = -m**3 - m**2 - 2*m - 3. Let f(i) = -i**2. Let j(x) = -c(x) + 5*f(x). Determine j(3).
0
Let c(m) be the first derivative of -m**4/4 - m**3/3 - 6*m - 1. Let o be c(0). Let v(w) = w**3 + 5*w**2 - 7*w - 5. What is v(o)?
1
Suppose 0 = -5*a, 3*i - a - 3 = 2*i. Let l(o) = 8*o + 23 - 16 + 0*o**2 + 8*o**2 + o**i. Give l(-7).
0
Let t(j) = 5*j**2 - 6*j - 6. Let z(a) = -14*a**2 + 17*a + 17. Let y(r) = 17*t(r) + 6*z(r). Give y(0).
0
Let k(b) = -b**3 + b**2 + 4*b + 1. Let t = 3 + 0. Suppose 0 = -5*r + 2*r - 2*v + t, -2*r = -2*v - 12. Give k(r).
-5
Let u(y) = y**2 - 3*y - 2. Let q be 6 - 3/(-12)*-4. Give u(q).
8
Let j(k) be the first derivative of k**5/120 - k**4/3 - k**3 - 1. Let p(h) be the third derivative of j(h). Determine p(4).
-4
Let h = -29 + 35. Let p(l) = -l + 5. Calculate p(h).
-1
Let j(l) = l**3 + 3*l - 2 - 2*l**2 + 0*l - 3*l. Let c be j(2). Let m(u) = -2*u**2 - u + 1. Determine m(c).
-5
Let k(a) = 6 - 2 - 1 - 2 + a. Determine k(4).
5
Let w(i) = i**3 - i**2. L